ed by p.
16
Calculate the remainder when 46 + -6 + 1/1 is divided by 34.
7
Let o = -255 - -265. What is the remainder when 66 is divided by o?
6
Let p(a) = -a**3 - 12*a**2 - 21*a - 51. Let x = 33 - 12. Calculate the remainder when p(-11) is divided by x.
17
Let m be (7 - 4)/(-6)*5*-242. Suppose -o + 5 = 0, 2*o = -3*g - 2*g + m. What is the remainder when g is divided by 24?
23
Let k = -1 - -7. Let n be 3 + 2 + -5 - -6. Suppose t - n = -t, 3*z - 51 = -2*t. Calculate the remainder when z is divided by k.
3
Let f(p) = 3*p + 218. What is the remainder when f(-6) is divided by 34?
30
Suppose 5*s + 0*s - 25 = -5*o, 3*o = 5*s - 25. Suppose -5*g + 250 = w, o = 4*g + 4*w - 2*w - 206. Calculate the remainder when g is divided by 13.
10
Suppose -3*u + 159 = 3*i, -4*i = 3*u - 79 - 81. Calculate the remainder when u is divided by (2/2)/((-2)/(-22)).
8
Let l(h) = -h**2 - 3*h + 16. Calculate the remainder when 319 is divided by l(0).
15
Let a(z) = 4*z + 26. Let d(f) = -4*f - 26. Let q(m) = -4*a(m) - 5*d(m). Suppose -l = -2*l + 12. Calculate the remainder when q(l) is divided by 19.
17
What is the remainder when 143 is divided by (12 - 32)*(30/(-8))/3?
18
Suppose 51*c - 112 = 47*c. Calculate the remainder when 221 is divided by c.
25
Suppose -3*f + 2*v - 52 = -221, -5*v - 65 = -f. Suppose 0 = y - d - f, 8*d + 222 = 4*y + 3*d. Let t = -29 + y. Calculate the remainder when t is divided by 13.
11
Let o = -20 + 86. Suppose -3*a - 3*d = -o, 0 = 2*a - a + 2*d - 17. What is the remainder when a is divided by 5?
2
Let x = -2351 + 2375. Calculate the remainder when 236 is divided by x.
20
Suppose 4*m + 51 = 11. Let v = 17 + m. Calculate the remainder when 1/(10*8/1600) is divided by v.
6
Suppose -4*r - 4 = -56. Suppose -3 = -3*u - 3*h, -6*u + r = -u + 3*h. Suppose -9*o + 20 = -u*o. What is the remainder when o is divided by 3?
2
Suppose -4*a = -6*a - 16. Let j(g) = g**2 + 2*g - 3. Calculate the remainder when j(-6) is divided by (a/1)/((-4)/6).
9
Let a(t) = t**2 - 7*t + 5. Let l be (1 + 23)*5/15. Let u be a(l). Let g = u + 14. Calculate the remainder when 106 is divided by g.
25
What is the remainder when (24/16 - -1)*74 is divided by 32?
25
Suppose 0 = r + 1 + 6. Let m = r - -11. Calculate the remainder when m/34 - (-25120)/340 is divided by 25.
24
Suppose 176 = 7*v - 20. Let h = 14 - 9. Suppose -w - 40 = -h*w. Calculate the remainder when v is divided by w.
8
Suppose -5*k + 64 = -3*k. Suppose 680 - 176 = 28*h. Calculate the remainder when k is divided by h.
14
Suppose 3*c = 3*w - 1077, 706 = 47*w - 45*w + 4*c. Calculate the remainder when w is divided by 71.
2
Let d = -4 + -7. Let l = d - -16. Suppose -l*u = -268 + 53. What is the remainder when u is divided by 11?
10
Let m = -98 + 64. Let h = -16 - m. Let c = 23 - 13. What is the remainder when h is divided by c?
8
Let t be (6/(-4))/((-15)/20). Suppose -t*i + 5 = -13. Let b(x) = 7*x - 4. What is the remainder when b(4) is divided by i?
6
Suppose -t = 5*x + 419, -4*x + 0*x = 4*t + 348. Let y = 102 + x. What is the remainder when 72 is divided by y?
15
Let u = -72 - -116. Suppose 4*x - 24 = 76. What is the remainder when u is divided by x?
19
Suppose -356*g + 307*g = -80115. What is the remainder when g is divided by 63?
60
Let x = -303 - -503. Suppose 6*j - j = x. What is the remainder when j is divided by 7?
5
Suppose -6*c + 43 = 5*k - 9*c, 0 = 4*k - 3*c - 35. What is the remainder when 18 is divided by k?
2
Let r(d) = d + 4. Let i(y) = y**3 + 13*y**2 - 16*y - 9. What is the remainder when i(-14) is divided by r(3)?
5
Let r(x) = -x**2 + 7*x + 2. Let s be r(6). Let y = s + 2. What is the remainder when y is divided by 4?
2
Let m = -34 - -34. Suppose -5*k + 1256 = -2*q, -3*k + 744 = -m*k + 2*q. What is the remainder when k is divided by 14?
12
Let x(m) = -m**3 + 6*m**2 - m - 2. Let z be x(5). Let y = z + -48. Let k = -20 - y. What is the remainder when 19 is divided by k?
9
Let l be ((-36)/(-5))/((-30)/(-75)). Let z = l + -1. Calculate the remainder when 32 is divided by z.
15
Suppose 15*b - 40 = 19*b. Let y(o) = o**2 + 2*o - 11. Let g be y(b). Suppose 0 = x + 2*x - g. Calculate the remainder when 88 is divided by x.
19
Calculate the remainder when 120 is divided by (112/84)/((-4)/(-42)).
8
Suppose 0 = -5*y + y + 12. Suppose y*o + o - 84 = 0. Calculate the remainder when 38 is divided by 207/o + 4/28.
8
Let r be 34/10 + (-8)/20. Suppose -2*o + 63 = 2*o + 5*i, 0 = -r*o - 5*i + 46. Let v = -2 + o. What is the remainder when v is divided by 9?
6
Suppose -5*r - 46 = -236. Suppose 348*b - 375*b = -756. What is the remainder when r is divided by b?
10
What is the remainder when 1263/5 + 222/555 is divided by 17?
15
Let r(l) = -6*l + 132. What is the remainder when r(14) is divided by 26?
22
Let a(q) = -7*q + 65. What is the remainder when 104 is divided by a(4)?
30
Suppose 2*y + 199 = 5*u, -25*u = -28*u - 4*y + 109. What is the remainder when 427 is divided by u?
37
Suppose y + 36 = m, 0 = 3*m - 6*m - 2*y + 98. What is the remainder when m is divided by 20?
14
Suppose 2*p - 14 = 4*b - 2, -5*p = 4*b - 58. Let z = p + 26. Suppose -z = -3*q - q. Calculate the remainder when q is divided by 4.
1
Suppose 4*c = 41 + 75. Let b = -1 + 15. Suppose b = j - n, -4*j - 4*n + 5 + 19 = 0. What is the remainder when c is divided by j?
9
Suppose -13 + 28 = 3*z. Suppose -6*w = -z*w - 32. Calculate the remainder when 127 is divided by w.
31
Suppose -c - 3*c + 20 = -k, -3*c + k + 15 = 0. Let w be (-517)/(-55) - 2/c. Let n = w - 4. Calculate the remainder when n is divided by 3.
2
Let g be (((-12)/9)/(-2))/(6/243). Suppose -2*q = g - 31. Calculate the remainder when 8 is divided by q.
0
Let a = 205 - -12. What is the remainder when a is divided by 25 - 2/((140/50)/7)?
17
Let c be 4/10 - 744/60. Let v = c + 10. Calculate the remainder when 7 is divided by v/(-1) - (3 + -4).
1
Suppose -6 = 2*p + 2*y, 43 + 2 = -5*p + 5*y. Let f(l) = l**3 + 7*l**2 + 4*l + 2. Let v be f(p). Let c = v - -17. What is the remainder when c is divided by 11?
9
Suppose 0 = -5*o - 2*p + 652 + 879, -2*p = 4*o - 1226. What is the remainder when o is divided by 28?
25
Suppose 3*f - 4*f - 1 = 0. Let y = 1 - f. Suppose -4*n - 11*h = -10*h - 28, 0 = -4*n - 2*h + 28. What is the remainder when n is divided by y?
1
Let o(t) be the third derivative of -13*t**4/24 + 5*t**3/6 + 10*t**2. Calculate the remainder when o(-2) is divided by 11.
9
Let c = 572 - 505. Calculate the remainder when 133 is divided by c.
66
Suppose 2*k = 2*d + 4*k + 6, -3*d = -3*k - 15. Suppose t + 1 = 3. What is the remainder when t is divided by d?
0
Let g(v) = v**3 - 16*v**2 + 12*v + 34. Let c be g(15). Let q = c - -19. What is the remainder when 13 is divided by q?
5
Suppose 62*g = 61*g + 73. Calculate the remainder when 137 is divided by g.
64
Suppose -11*g = -20*g + 54. Suppose -g*b + 3 + 39 = 0. Suppose 146 - 53 = 5*i + 2*l, 3*l + 3 = 0. What is the remainder when i is divided by b?
5
Suppose -5*o + 29 = 3*x - 0*x, 2*x - 14 = -2*o. Suppose 3*l + 10 = o*l. Suppose -490 = 39*f - 646. Calculate the remainder when l is divided by f.
2
Let v = -11 + 21. Let g(l) = 4*l**2 - 3*l - 7. Let m be g(-2). Suppose -4*p = 4*b + 19 - 187, 3*b = m. What is the remainder when p is divided by v?
7
Suppose -4*q = -12 - 12. Suppose -r + 14 = 3*w, 5*r - 2*w + 10 = 97. Calculate the remainder when r is divided by q.
5
Suppose 306 - 26 = 4*a. Calculate the remainder when 839 is divided by a.
69
Let b(j) = 5*j + 19. Let a(m) = m**3 - m**2 + 2*m + 1. Calculate the remainder when a(3) is divided by b(-2).
7
Let k(d) = d**3 - 4*d**2 - 7*d + 4. Let p be k(6). Calculate the remainder when 129 is divided by p - ((-4)/2)/(-2).
30
Let o be (-40)/80 - (-3)/2. Suppose 2*h = -2*h, 0 = 5*f - 2*h. Suppose -k - 3*m + 15 + o = f, 2*k - 40 = 2*m. Calculate the remainder when 56 is divided by k.
18
Let i(b) = b**3 + 9*b**2 + 11*b + 21. Calculate the remainder when 95 is divided by i(-7).
11
Suppose -5*g + 2 = -8. Suppose -g*h - b + 31 = 0, -h + 3*h = 5*b + 37. Calculate the remainder when 0 - (1 + -3 + -27) is divided by h.
13
Let c = 56 + -53. Let w(x) = 4*x**3 - x**2 + 2*x + 2. What is the remainder when w(c) is divided by 22?
19
Calculate the remainder when ((-54)/(-24) - 2)/(11/10956) is divided by 58.
17
Suppose -v - l = -18, -2*l = 4*v